 o, 5*o = -0*o. Suppose 0 = a - 140 - n. Suppose -a = -3*h - 0*h + 2*w, -5*w = 5*h - 535. Is h a composite number?
True
Let v be 3*1 - (-3 + 2). Suppose -2*y - v = 0, 66 - 22 = -f - 2*y. Let a = 689 + f. Is a composite?
True
Let t be 13329/12 - 3/4. Suppose -8*a + 3*a + t = 0. Suppose -2*s - 4*r = -a, 4*s = -r + 114 + 344. Is s composite?
True
Let l(w) = -2*w**3 + 2*w**2 + 2*w. Let k be l(-1). Suppose k*h - 5*b + 19 = 0, -3*b - b = -h - 14. Is 638 + 5/(-2) + 1/h composite?
True
Suppose 18*u + 623880 - 3362782 = 638456. Is u prime?
True
Let j(u) = -u**3 + 7*u**2 + 27*u + 9. Suppose s - 3*s - 8 = 0, 0 = 3*f - 3*s + 18. Is j(f) prime?
True
Let h be (1 - -11)*(-46)/69. Let l(m) = 11*m**2 + 9*m + 59. Is l(h) a composite number?
False
Let q(c) = -2*c**2 - 30*c - 12. Let a = -54 + 41. Let x be q(a). Suppose -29 = -d + x. Is d a composite number?
True
Suppose g = 6*g - 11510. Suppose -3*v + g = 10762. Let t = 1229 - v. Is t composite?
False
Suppose -353*g = -a - 349*g + 2124683, -4*a + 8498660 = 2*g. Is a a prime number?
True
Suppose 0 = 41*g + 49*g - 12874770. Is g composite?
False
Suppose -169*v + 12927645 + 609231 = -11579735. Is v prime?
False
Let q(z) be the first derivative of -z**3/3 + z**2/2 - 8*z + 27. Let r(c) = -c**2 + c - 9. Let a(v) = 2*q(v) - 3*r(v). Is a(7) a prime number?
True
Suppose 0 = -7*l + 4*l. Suppose 5*c - 990 - 8755 = 3*j, l = 4*j + 20. Is c/(-3)*-3 + 4 + -1 composite?
False
Let f be (-9966)/(-1) + 3/((-6)/10). Suppose -13693 = -2*o + f. Is o prime?
True
Is ((-7)/(-7))/(905589/(-3622404) + 2/8) a prime number?
True
Let a(p) = 11483*p**2 - 51*p + 167. Is a(8) prime?
False
Let y = 181 - 178. Suppose 0 = -5*i - 20, -3*z + 2773 + 50 = -y*i. Is z a prime number?
True
Suppose -3*c = -2*s - 1320, 0*c - 3*c - s + 1311 = 0. Let a = -1709 + 1806. Let q = c - a. Is q a composite number?
True
Suppose 0 = -0*n + 2*n + 3*g - 12, 3*n - 4*g = 18. Is 1010 - (304/96 + (-1)/n) composite?
True
Let j = -36919 + 66163. Suppose -r + j = 2*n - 35722, -3*r = 0. Is n prime?
False
Suppose -251*u + 6326456 + 397818 = -8782757. Is u a prime number?
True
Let h(z) = -12*z + 7460. Let d(r) = 23*r - 14923. Let q(y) = 3*d(y) + 7*h(y). Is q(0) prime?
True
Let o(l) = -28*l**2. Let j be o(1). Let x = j - -11. Let f = 174 + x. Is f composite?
False
Suppose 7*d - 78*d = -10*d - 509533. Is d prime?
True
Let i(t) = 110*t**2 + 814*t + 23. Is i(-39) a prime number?
False
Suppose 78*u - 1438441 - 23184965 = 24*u. Is u composite?
False
Suppose -11*x - 553962 = -4290975 + 267602. Is x composite?
True
Suppose 3*a - 3*r = 2*a + 163947, 163955 = a + r. Suppose 28*h = 19*h + a. Is h a prime number?
True
Suppose 22*i - s = 17*i + 1587422, 5*i = 5*s + 1587450. Is i prime?
True
Let h(o) = 2*o - 44. Let b(i) = -i - 1. Let u(a) = 2*b(a) - h(a). Let t be u(8). Suppose t*n = n + 25587. Is n composite?
False
Let a(c) = 6476*c - 407. Is a(17) prime?
False
Let m = -13090 - -121047. Is m a composite number?
True
Suppose 0 = -6*j + 31 + 47. Let w = -6 + j. Is (-75177)/(-63) - 2/w*1 composite?
False
Let i be (3/2)/(-2*1/8). Is (-3)/i + 5044/8 composite?
False
Let c be ((-3 - 0) + 2)*(17397 + -44). Let q = c + 32426. Is q prime?
True
Let o(q) = -6*q + 17. Let r be o(3). Let m(k) = 324*k**2 + 4*k + 1. Let z be m(r). Suppose 0 = 4*w - 3*w + 4*d - 323, -5*d = w - z. Is w composite?
False
Let w = -1500 - -2982. Let m(j) = -32*j**3 - 4*j**2 - 10*j - 7. Let g be m(-3). Let r = g + w. Is r composite?
False
Suppose r = -4*t - 12, -5*r + 1 = -2*t - 5. Is t - (112665/(-42))/(2/8) a prime number?
False
Let h = 26 - 8. Let d = -6550 + 21768. Suppose -h*y + d = -4*y. Is y composite?
False
Suppose 9*a = 544891 + 1054760. Is a a prime number?
True
Let y be 12/(-42) + 32/14 + 36. Suppose -y*t + 119097 = -31117. Is t composite?
True
Suppose -5*u = -16 - 64. Suppose -v + 180965 = u*v. Is v a composite number?
True
Let s(r) = r**2 + 8*r - 3. Let z be s(-9). Suppose z*l + 5 = 7*l. Suppose -x + 112 = -0*x - 2*u, -4*x = l*u - 409. Is x prime?
False
Let m be 4/(-22) - (155/55 - 3). Suppose -b - 5*n + 170 + 113 = m, -4*n + 285 = b. Is b a composite number?
False
Is (-464688)/(-9) - 24/6*9/(-6) a prime number?
False
Let m(a) = -a**2 + 8*a - 8. Let l(s) = 9*s - 10. Let f(x) = 7*l(x) - 6*m(x). Is f(-7) prime?
True
Suppose -185 + 68 = -3*o. Let n(i) = -20 + o*i - 121*i + 29. Is n(-4) composite?
False
Let f(y) = 23*y - 424. Let d be f(53). Suppose i - d = 712. Is i composite?
True
Suppose 5*g = -i + 77664, -4*i + 368*g + 310641 = 373*g. Is i composite?
False
Let p(n) = 4534*n**2 + 10*n + 1. Let l be p(3). Let q = 62532 - l. Is q a prime number?
False
Let h = 97 - 161. Let z = h + 83. Suppose 0 = -z*r + 12*r + 4291. Is r a composite number?
False
Suppose -354*j + 334*j + 732980 = 0. Is j composite?
True
Let p(v) = -2*v + 14. Let s be p(12). Let x = 5 + s. Let f(k) = 37*k**2 + 12*k - 2. Is f(x) prime?
True
Suppose -6 - 3 = -9*p. Let q be p/(-3) + (3 - (-1691)/(-3)). Let t = q - -958. Is t a prime number?
True
Suppose -13*v = -20*v - 28. Let a(k) = 265*k**2 + k - 7. Is a(v) a composite number?
False
Let q(t) = -t**3 - 15*t**2 + 29*t + 50. Let v be q(-17). Suppose 2036 = v*j - 133*j. Is j prime?
False
Let i = -514 - -1755. Let h = i + 2628. Is h a composite number?
True
Suppose 16047 = -548*i + 557*i. Let j = i - -7524. Is j a prime number?
False
Suppose 0 = -5*s + 5, -74*c + 71*c - 4*s + 325 = 0. Let d = 37 - 121. Let q = c - d. Is q a composite number?
False
Let h = -532458 - -996800. Is h a composite number?
True
Let c = 189 - 186. Is 14/105*c + (-81519)/(-15) composite?
True
Suppose 4*g = -4*c + 171096, 39*g - 35*g = -5*c + 213872. Suppose c = 90*q - 82*q. Is q composite?
False
Is (-7694)/((-630)/2072 - 1/(-4)) prime?
False
Suppose -4*y = -0*n + 4*n, -3*y - 5 = 2*n. Is (-177600)/(-21) - y/140*-4 composite?
True
Suppose 11817 = -3*g + 6*g. Suppose y = 4*c - 10263, 2*y + 1570 + 994 = c. Let l = g - c. Is l a prime number?
True
Let q be (-3 - (-1 - 1)) + 1651. Is (0 - 4)*3/(-12) + q prime?
False
Suppose 16*v - 4 = 14*v. Suppose -3*f - 2186 = -v*w, 978 + 93 = w + 4*f. Is w composite?
False
Let z(y) = -y**2 - 9*y + 4. Let w be z(-10). Let h be w*3/(-2)*(-8)/18. Is (-12)/(-18)*402 + 1 + h a composite number?
True
Let l(h) = -443*h + 26. Let t(x) = 886*x - 52. Let z(d) = -5*l(d) - 3*t(d). Let s be z(-8). Let o = -2009 + s. Is o prime?
False
Let j = 8158 - 4319. Let y = 6778 - j. Is y a prime number?
True
Let b(f) = -f**2 - 12*f + 1. Let y be b(-12). Suppose -3*a - h = -y, -16*h = -12*h - 16. Is (-154 - 1)*a*15/25 a composite number?
True
Suppose 0 = 326*h - 295*h - 25133591. Is h prime?
False
Let f be ((-594484)/5 - -2)/(16/(-40)). Suppose 0 = 45*c - f - 77478. Is c a prime number?
False
Suppose -2*v + 30 = 8*v. Suppose 2*o + 2*n = -2*o + 17692, n = v*o - 13269. Is o prime?
True
Suppose -154540 = -3*g - 17*g. Suppose 0 = 17*b + g - 29130. Is b prime?
True
Let c = -26615 - -100792. Is c prime?
True
Let m(g) = 4543*g**3 - 2*g**2 - 4*g - 1. Let r be m(-1). Let a = 6695 + r. Is a prime?
True
Let u(d) = 1055*d**2 + 25*d + 241. Is u(-9) composite?
True
Suppose 3*q - 7*b + 4*b + 3 = 0, -1 = -b. Let u(n) = -5*n + 194. Is u(q) a composite number?
True
Let x = -79113 - -174176. Is x a prime number?
True
Let z(l) = 89*l + 13. Let n(m) = -m**3 + m**2 + 4*m + 1. Let c be n(-3). Suppose -c*w = -21*w - 8. Is z(w) composite?
False
Suppose 0 = 17*m - 25 - 9. Suppose -7*c - 3*r = -2*c - 41238, -m*c = 3*r - 16497. Is c a composite number?
True
Let t = 373550 + 84201. Is t a composite number?
True
Let n(t) = t**3 + 2*t**2 - t + 3. Let p be n(0). Suppose -p*z - 2 = -u, 2*u + z = 3 - 13. Let a(o) = 22*o**2 + 4*o + 5. Is a(u) a composite number?
True
Is 1*(-212)/(-8)*43782*(-1)/(-3) composite?
True
Let t(k) = 5*k + 36. Let u be t(-7). Is (-8 + 9)*(0 - u - -1988) prime?
True
Let v = -25315 + 44579. Suppose 14*o - v = 31794. Is o a prime number?
False
Let t = 11 - 2. Let v be (-24)/(-32)*-4 + 9. Is (v/t)/(4/1398) a composite number?
False
Is 8 - (-10*(-7)/(-14) - 19540) composite?
False
Let z = -16004 + 8333. Let d = z - -16170. Suppose 71*m - 74*m = -d. Is m a composite number?
False
Let v = -147 - -150. Suppose -y = -4*p + v*p + 9145, -3*y = p - 9161. Is p composite?
True
Let d = 593224 + 234835. Is d a prime number?
True
Let p = -20 - -60. S